{"id":363,"date":"2023-07-10T15:46:54","date_gmt":"2023-07-10T15:46:54","guid":{"rendered":"https:\/\/fiterraiberia.com\/?page_id=363"},"modified":"2023-07-10T16:05:09","modified_gmt":"2023-07-10T16:05:09","slug":"fertilizantes-organicos","status":"publish","type":"page","link":"https:\/\/fiterraiberia.com\/index.php\/fertilizantes-organicos\/","title":{"rendered":"Fertilizantes org\u00e2nicos"},"content":{"rendered":"\t\t<div data-elementor-type=\"wp-page\" data-elementor-id=\"363\" class=\"elementor elementor-363\">\n\t\t\t\t\t\t\t\t\t<section class=\"elementor-section elementor-top-section elementor-element elementor-element-56dc7f1f elementor-section-full_width ive-ourblog-titleimage elementor-section-content-middle elementor-section-height-default elementor-section-height-default\" data-id=\"56dc7f1f\" data-element_type=\"section\" data-settings=\"{&quot;background_background&quot;:&quot;classic&quot;}\">\n\t\t\t\t\t\t\t<div class=\"elementor-background-overlay\"><\/div>\n\t\t\t\t\t\t\t<div class=\"elementor-container elementor-column-gap-no\">\n\t\t\t\t\t<div class=\"elementor-column elementor-col-100 elementor-top-column elementor-element elementor-element-7bb143a1\" data-id=\"7bb143a1\" data-element_type=\"column\">\n\t\t\t<div class=\"elementor-widget-wrap elementor-element-populated\">\n\t\t\t\t\t\t\t\t<section class=\"elementor-section elementor-inner-section elementor-element elementor-element-59575b60 elementor-section-boxed elementor-section-height-default elementor-section-height-default\" data-id=\"59575b60\" data-element_type=\"section\" data-settings=\"{&quot;_ha_eqh_enable&quot;:false}\">\n\t\t\t\t\t\t<div class=\"elementor-container elementor-column-gap-default\">\n\t\t\t\t\t<div class=\"elementor-column elementor-col-100 elementor-inner-column elementor-element elementor-element-16252abe\" data-id=\"16252abe\" data-element_type=\"column\">\n\t\t\t<div class=\"elementor-widget-wrap elementor-element-populated\">\n\t\t\t\t\t\t\t\t<div class=\"elementor-element elementor-element-234657f1 elementor-absolute ive-blogtitle elementor-widget elementor-widget-heading\" data-id=\"234657f1\" data-element_type=\"widget\" data-settings=\"{&quot;_position&quot;:&quot;absolute&quot;}\" data-widget_type=\"heading.default\">\n\t\t\t\t<div class=\"elementor-widget-container\">\n\t\t\t<style>\/*! elementor - v3.14.0 - 26-06-2023 *\/\n.elementor-heading-title{padding:0;margin:0;line-height:1}.elementor-widget-heading .elementor-heading-title[class*=elementor-size-]>a{color:inherit;font-size:inherit;line-height:inherit}.elementor-widget-heading .elementor-heading-title.elementor-size-small{font-size:15px}.elementor-widget-heading .elementor-heading-title.elementor-size-medium{font-size:19px}.elementor-widget-heading .elementor-heading-title.elementor-size-large{font-size:29px}.elementor-widget-heading .elementor-heading-title.elementor-size-xl{font-size:39px}.elementor-widget-heading .elementor-heading-title.elementor-size-xxl{font-size:59px}<\/style><h2 class=\"elementor-heading-title elementor-size-default\">Fertilizantes Org\u00e2nicos<\/h2>\t\t<\/div>\n\t\t\t\t<\/div>\n\t\t\t\t\t<\/div>\n\t\t<\/div>\n\t\t\t\t\t\t\t<\/div>\n\t\t<\/section>\n\t\t\t\t\t<\/div>\n\t\t<\/div>\n\t\t\t\t\t\t\t<\/div>\n\t\t<\/section>\n\t\t\t\t<section class=\"elementor-section elementor-top-section elementor-element elementor-element-64305400 efarm-section-main-container elementor-section-boxed elementor-section-height-default elementor-section-height-default\" data-id=\"64305400\" data-element_type=\"section\" data-settings=\"{&quot;_ha_eqh_enable&quot;:false}\">\n\t\t\t\t\t\t<div class=\"elementor-container elementor-column-gap-default\">\n\t\t\t\t\t<div class=\"elementor-column elementor-col-100 elementor-top-column elementor-element elementor-element-76bef6ec\" data-id=\"76bef6ec\" data-element_type=\"column\">\n\t\t\t<div class=\"elementor-widget-wrap elementor-element-populated\">\n\t\t\t\t\t\t\t\t<section class=\"elementor-section elementor-inner-section elementor-element elementor-element-20417db3 elementor-section-boxed elementor-section-height-default elementor-section-height-default\" data-id=\"20417db3\" data-element_type=\"section\" data-settings=\"{&quot;_ha_eqh_enable&quot;:false}\">\n\t\t\t\t\t\t<div class=\"elementor-container elementor-column-gap-default\">\n\t\t\t\t\t<div class=\"elementor-column elementor-col-50 elementor-inner-column elementor-element elementor-element-1237a114 elementor-invisible\" data-id=\"1237a114\" data-element_type=\"column\" data-settings=\"{&quot;animation&quot;:&quot;rotateInUpRight&quot;}\">\n\t\t\t<div class=\"elementor-widget-wrap elementor-element-populated\">\n\t\t\t\t\t\t\t\t<div class=\"elementor-element elementor-element-2bd2b9cf elementor-widget elementor-widget-image\" data-id=\"2bd2b9cf\" data-element_type=\"widget\" data-widget_type=\"image.default\">\n\t\t\t\t<div class=\"elementor-widget-container\">\n\t\t\t<style>\/*! elementor - v3.14.0 - 26-06-2023 *\/\n.elementor-widget-image{text-align:center}.elementor-widget-image a{display:inline-block}.elementor-widget-image a img[src$=\".svg\"]{width:48px}.elementor-widget-image img{vertical-align:middle;display:inline-block}<\/style>\t\t\t\t\t\t\t\t\t\t\t\t<img loading=\"lazy\" decoding=\"async\" width=\"640\" height=\"307\" src=\"https:\/\/fiterraiberia.com\/wp-content\/uploads\/2023\/06\/slider-1-1024x491.png\" class=\"attachment-large size-large wp-image-14\" alt=\"\" srcset=\"https:\/\/fiterraiberia.com\/wp-content\/uploads\/2023\/06\/slider-1-1024x491.png 1024w, https:\/\/fiterraiberia.com\/wp-content\/uploads\/2023\/06\/slider-1-600x288.png 600w, https:\/\/fiterraiberia.com\/wp-content\/uploads\/2023\/06\/slider-1-300x144.png 300w, https:\/\/fiterraiberia.com\/wp-content\/uploads\/2023\/06\/slider-1-768x368.png 768w, https:\/\/fiterraiberia.com\/wp-content\/uploads\/2023\/06\/slider-1-1536x736.png 1536w, https:\/\/fiterraiberia.com\/wp-content\/uploads\/2023\/06\/slider-1.png 1920w\" sizes=\"auto, (max-width: 640px) 100vw, 640px\" \/>\t\t\t\t\t\t\t\t\t\t\t\t\t\t\t<\/div>\n\t\t\t\t<\/div>\n\t\t\t\t\t<\/div>\n\t\t<\/div>\n\t\t\t\t<div class=\"elementor-column elementor-col-50 elementor-inner-column elementor-element elementor-element-2fd171b\" data-id=\"2fd171b\" data-element_type=\"column\">\n\t\t\t<div class=\"elementor-widget-wrap elementor-element-populated\">\n\t\t\t\t\t\t\t\t<div class=\"elementor-element elementor-element-e7aa825 elementor-drop-cap-yes elementor-drop-cap-view-default elementor-widget elementor-widget-text-editor\" data-id=\"e7aa825\" data-element_type=\"widget\" data-settings=\"{&quot;drop_cap&quot;:&quot;yes&quot;}\" data-widget_type=\"text-editor.default\">\n\t\t\t\t<div class=\"elementor-widget-container\">\n\t\t\t<style>\/*! elementor - v3.14.0 - 26-06-2023 *\/\n.elementor-widget-text-editor.elementor-drop-cap-view-stacked .elementor-drop-cap{background-color:#69727d;color:#fff}.elementor-widget-text-editor.elementor-drop-cap-view-framed .elementor-drop-cap{color:#69727d;border:3px solid;background-color:transparent}.elementor-widget-text-editor:not(.elementor-drop-cap-view-default) .elementor-drop-cap{margin-top:8px}.elementor-widget-text-editor:not(.elementor-drop-cap-view-default) .elementor-drop-cap-letter{width:1em;height:1em}.elementor-widget-text-editor .elementor-drop-cap{float:left;text-align:center;line-height:1;font-size:50px}.elementor-widget-text-editor .elementor-drop-cap-letter{display:inline-block}<\/style>\t\t\t\t<p style=\"font-weight: 400;\">Os fertilizantes org\u00e2nicos s\u00e3o subst\u00e2ncias que fornecem nutrientes essenciais para o crescimento e desenvolvimento das plantas. Eles s\u00e3o obtidos a partir de fontes naturais, como restos de vegetais, esterco animal, compostagem, entre outros.<\/p><p style=\"font-weight: 400;\">Os fertilizantes org\u00e2nicos apresentam diversas vantagens, como melhorar a estrutura e a fertilidade do solo, aumentar a atividade biol\u00f3gica, reduzir a eros\u00e3o e a polui\u00e7\u00e3o, al\u00e9m de serem mais sustent\u00e1veis e econ\u00f4micos.<\/p><p style=\"font-weight: 400;\">No entanto, eles tamb\u00e9m t\u00eam algumas desvantagens, como a baixa concentra\u00e7\u00e3o de nutrientes, a libera\u00e7\u00e3o lenta e irregular, a necessidade de maior quantidade e frequ\u00eancia de aplica\u00e7\u00e3o, e o risco de contamina\u00e7\u00e3o por pat\u00f3genos ou metais pesados.<\/p><p style=\"font-weight: 400;\">Existem diferentes tipos de fertilizantes org\u00e2nicos, como simples, mistos, compostos e verdes. Cada um tem suas caracter\u00edsticas e formas de uso espec\u00edficas.<\/p><p style=\"font-weight: 400;\">\u00c9 importante conhecer as propriedades e as necessidades das plantas e do solo para escolher o fertilizante org\u00e2nico mais adequado.<\/p><p style=\"font-weight: 400;\">Por isso o BIOHUMIX apresenta-se como uma solu\u00e7\u00e3o natural, sem afetar o meio ambiente contribuindo para a melhoria da produtividade de forma natural.<\/p><p style=\"font-weight: 400;\">O uso de fertilizantes naturais \u00e9 uma alternativa sustent\u00e1vel para aumentar a produ\u00e7\u00e3o agr\u00edcola, reduzindo o impacto ambiental e os custos de produ\u00e7\u00e3o.<\/p><p style=\"font-weight: 400;\">\u00a0Os fertilizantes naturais s\u00e3o compostos por mat\u00e9ria org\u00e2nica, como esterco, compostagem, res\u00edduos vegetais e animais, que fornecem nutrientes essenciais para as plantas, como nitrog\u00eanio, f\u00f3sforo e pot\u00e1ssio. Al\u00e9m disso, os fertilizantes naturais melhoram a estrutura e a fertilidade do solo, favorecendo a atividade biol\u00f3gica e a reten\u00e7\u00e3o de \u00e1gua.<\/p><p style=\"font-weight: 400;\">Os fertilizantes naturais podem ser aplicados de forma direta ou indireta, atrav\u00e9s de cons\u00f3rcios com plantas fixadoras de nitrog\u00eanio ou solubilizadoras de f\u00f3sforo, ou ainda com o uso de biofertilizantes \u00e0 base de microorganismos ben\u00e9ficos.<\/p><p style=\"font-weight: 400;\">A utiliza\u00e7\u00e3o de fertilizantes naturais contribui para uma agricultura mais ecol\u00f3gica, produtiva e rent\u00e1vel.<\/p><p style=\"font-weight: 400;\">Algumas formas de aumentar a produ\u00e7\u00e3o agr\u00edcola org\u00e2nica s\u00e3o:<\/p><ul><li style=\"font-weight: 400;\">Utilizar adubos org\u00e2nicos, como esterco animal ou composto vegetal, para melhorar a fertilidade do solo e fornecer nutrientes \u00e0s plantas, como o BIOHUMIX<\/li><li style=\"font-weight: 400;\">Praticar a rota\u00e7\u00e3o de culturas, alternando esp\u00e9cies que t\u00eam diferentes exig\u00eancias e benef\u00edcios para o solo, evitando o esgotamento e o surgimento de pragas e doen\u00e7as.<\/li><li style=\"font-weight: 400;\">Promover a diversidade biol\u00f3gica, cultivando diferentes variedades de plantas e criando habitats para insetos ben\u00e9ficos e outros organismos que auxiliam no controle biol\u00f3gico e na poliniza\u00e7\u00e3o.<\/li><li style=\"font-weight: 400;\">Evitar o uso de agrot\u00f3xicos sint\u00e9ticos, que podem contaminar o solo, a \u00e1gua e os alimentos, prejudicando a sa\u00fade humana e ambiental.<\/li><li style=\"font-weight: 400;\">Adotar pr\u00e1ticas de conserva\u00e7\u00e3o do solo, como o plantio direto, o uso de cobertura vegetal e o manejo adequado da irriga\u00e7\u00e3o, para prevenir a eros\u00e3o e a compacta\u00e7\u00e3o do solo.<\/li><\/ul>\t\t\t\t\t\t<\/div>\n\t\t\t\t<\/div>\n\t\t\t\t\t<\/div>\n\t\t<\/div>\n\t\t\t\t\t\t\t<\/div>\n\t\t<\/section>\n\t\t\t\t\t<\/div>\n\t\t<\/div>\n\t\t\t\t\t\t\t<\/div>\n\t\t<\/section>\n\t\t\t\t\t\t\t<\/div>\n\t\t","protected":false},"excerpt":{"rendered":"<p>Fertilizantes Org\u00e2nicos Os fertilizantes org\u00e2nicos s\u00e3o subst\u00e2ncias que fornecem nutrientes essenciais para o crescimento e desenvolvimento das plantas. Eles s\u00e3o obtidos a partir de fontes naturais, como restos de vegetais, esterco animal, compostagem, entre outros. Os fertilizantes org\u00e2nicos apresentam diversas vantagens, como melhorar a estrutura e a fertilidade do solo, aumentar a atividade biol\u00f3gica, reduzir [&hellip;]<\/p>\n","protected":false},"author":1,"featured_media":0,"parent":0,"menu_order":0,"comment_status":"closed","ping_status":"closed","template":"","meta":{"footnotes":""},"class_list":["post-363","page","type-page","status-publish","hentry"],"_links":{"self":[{"href":"https:\/\/fiterraiberia.com\/index.php\/wp-json\/wp\/v2\/pages\/363","targetHints":{"allow":["GET"]}}],"collection":[{"href":"https:\/\/fiterraiberia.com\/index.php\/wp-json\/wp\/v2\/pages"}],"about":[{"href":"https:\/\/fiterraiberia.com\/index.php\/wp-json\/wp\/v2\/types\/page"}],"author":[{"embeddable":true,"href":"https:\/\/fiterraiberia.com\/index.php\/wp-json\/wp\/v2\/users\/1"}],"replies":[{"embeddable":true,"href":"https:\/\/fiterraiberia.com\/index.php\/wp-json\/wp\/v2\/comments?post=363"}],"version-history":[{"count":7,"href":"https:\/\/fiterraiberia.com\/index.php\/wp-json\/wp\/v2\/pages\/363\/revisions"}],"predecessor-version":[{"id":376,"href":"https:\/\/fiterraiberia.com\/index.php\/wp-json\/wp\/v2\/pages\/363\/revisions\/376"}],"wp:attachment":[{"href":"https:\/\/fiterraiberia.com\/index.php\/wp-json\/wp\/v2\/media?parent=363"}],"curies":[{"name":"wp","href":"https:\/\/api.w.org\/{rel}","templated":true}]}}